**2 + 541*d - 3503. Give w(7).
-10
Let n(v) = 2*v**2 + 2478*v + 51152. What is n(-21)?
-4
Let d(s) = 2*s**3 + 278*s**2 + 7416*s - 26. What is d(-103)?
-26
Let j(k) = -k**2 - 23323*k + 420139. Calculate j(18).
1
Let f(z) = 370*z**3 + 7769*z**2 - 64*z - 897. Calculate f(-21).
6
Let s(l) = -l**3 - 92*l**2 - 6161*l - 581621. Determine s(-93).
1
Let k(u) = -112*u - 6547. Give k(-62).
397
Let v(m) = -8*m**3 + 194*m**2 + 343*m + 479. Calculate v(26).
-67
Let n(o) = 743*o + 15278. Calculate n(-21).
-325
Let y(p) = 1571*p**2 - 1172*p + 3. Determine y(-1).
2746
Let s(u) = -20*u**2 - 53*u + 1024. What is s(19)?
-7203
Let t(h) = 1799*h - 1385226. Determine t(770).
4
Let d(l) = -2*l**2 - 55*l - 203. Determine d(-4).
-15
Let u(l) = -235*l + 32154. Give u(137).
-41
Let p(h) = h**3 + 2*h**2 - 183*h - 1105. What is p(15)?
-25
Let s(b) = -854036*b - 48680048. Determine s(-57).
4
Let c(g) = 2*g**3 - 73*g**2 - 766*g + 22261. Determine c(39).
-8
Let z(i) = 167*i - 486. What is z(1)?
-319
Let c(h) = -27*h**3 + 1023*h**2 + 113*h + 60. Calculate c(38).
22
Let z(r) = 877525*r - 9652779. What is z(11)?
-4
Let j(u) = -1219*u + 56071. Calculate j(46).
-3
Let r(k) = -k**3 - 736*k**2 + 8213*k - 2996. Give r(-747).
-8
Let a(z) = -8*z**2 - 252*z - 344. Give a(-28).
440
Let f(k) = 4*k**3 + 30*k**2 - 95*k - 857. What is f(-9)?
-488
Let x(r) = -100*r**2 - 57*r + 64. Calculate x(-4).
-1308
Let b(f) = -587*f + 287040. Give b(489).
-3
Let w(h) = 43*h**2 - 1121*h + 2137. Give w(24).
1
Let i(a) = -19975*a - 99865. Determine i(-5).
10
Let s(v) = -199*v + 3750. Determine s(19).
-31
Let z(i) = -394*i**2 + 5931*i + 22. What is z(15)?
337
Let q(y) = 936*y - 334132. What is q(357)?
20
Let x(w) = -883*w + 5567. Give x(7).
-614
Let w(f) = -48*f**2 - 1555*f - 5905. What is w(-28)?
3
Let u(q) = -187*q + 29755. Determine u(159).
22
Let m(d) = 211171*d + 7602154. What is m(-36)?
-2
Let q(d) = 8535*d + 34121. Determine q(-4).
-19
Let l(r) = 161*r - 34458. Determine l(260).
7402
Let v(g) = 1508402*g - 1508410. Give v(1).
-8
Let a(j) = -15259*j + 76102. Give a(5).
-193
Let u(y) = 3*y**3 - 157*y**2 + 224*y + 386. Calculate u(51).
1406
Let b(h) = -10*h + 574. Calculate b(57).
4
Let o(t) = -176*t**2 + 15835*t + 417. Determine o(90).
-33
Let m(y) = -169*y + 12288. Give m(73).
-49
Let d(y) = -4292*y**2 - 25755*y + 23. What is d(-6)?
41
Let s(h) = 5*h**3 - 136*h**2 - 554*h + 12391. Determine s(28).
15
Let z(l) = 1458*l + 764981. Determine z(-525).
-469
Let p(b) = -11*b**2 - 1539*b - 21698. Determine p(-124).
2
Let w(y) = y**2 + 4061*y + 72626. Give w(-18).
-148
Let a(y) = -1941*y - 36734. What is a(-18)?
-1796
Let z(b) = -8*b**2 - 153*b - 370. Give z(-13).
267
Let n(y) = -1128*y - 776. What is n(-2)?
1480
Let m(b) = 9771*b - 1621987. Give m(166).
-1
Let f(j) = 12639*j - 1504026. What is f(119)?
15
Let s(m) = 111243*m - 12904188. Give s(116).
0
Let h(x) = x**2 - 798*x - 12861. What is h(-16)?
163
Let z(p) = -100236*p + 501791. Determine z(5).
611
Let u(r) = -8*r**2 - 1045*r + 2095. Calculate u(2).
-27
Let k(s) = -1636*s + 710035. Give k(434).
11
Let y(g) = 2*g**3 - 35*g**2 + 164*g + 70. Give y(7).
189
Let b(d) = -5989*d + 724675. Calculate b(121).
6
Let p(k) = 7968*k - 1003983. Give p(126).
-15
Let f(t) = -15*t**2 + 2323*t + 240. Give f(155).
-70
Let i(a) = -117*a**2 + 1169*a + 23. Calculate i(10).
13
Let r(d) = 8270*d + 289422. What is r(-35)?
-28
Let z(s) = -25*s**2 + 89*s - 89. Calculate z(1).
-25
Let z(v) = v**3 - 99*v**2 + 146*v + 108. What is z(2)?
12
Let x(y) = y**3 - 602*y**2 - 173596*y - 213. Give x(-213).
0
Let y(f) = f**3 + 28*f**2 - 111*f - 132. Give y(-31).
426
Let x(v) = -v**3 - 75*v**2 - 150*v - 343. What is x(-73)?
-51
Let j(x) = -14*x**3 + 67*x**2 - 45*x + 297. Determine j(5).
-3
Let z(x) = 8505*x - 84996. Determine z(10).
54
Let d(b) = b**3 - 44*b**2 + 7*b + 1406. Calculate d(43).
-142
Let m(b) = -b**3 - 3*b**2 + 7*b + 155. Determine m(7).
-286
Let z(a) = 109693*a - 27752334. Calculate z(253).
-5
Let d(h) = -10720*h - 182311. Give d(-17).
-71
Let h(t) = 114*t - 448. Determine h(4).
8
Let t(o) = 1467*o - 20098. Give t(13).
-1027
Let i(d) = 3*d**3 + 128*d**2 + 1360*d - 11. Determine i(-20).
-11
Let k(z) = -5*z**2 - 2623*z + 10564. Determine k(4).
-8
Let x(b) = 498*b**2 - 4482*b - 17. Give x(9).
-17
Let a(n) = 483097*n + 2898571. Calculate a(-6).
-11
Let u(r) = 1131*r + 6651. Give u(-5).
996
Let p(b) = -17*b**2 + 2284*b - 2988. Calculate p(133).
71
Let f(d) = -250*d - 21761. What is f(-87)?
-11
Let h(c) = -24*c**2 - 2134*c + 186. Calculate h(-89).
8
Let a(s) = 267*s**3 - 4*s**2 - 10*s + 13. What is a(1)?
266
Let y(j) = -50*j**2 - 72*j - 1396. Calculate y(-6).
-2764
Let t(g) = -21660*g + 3205713. Determine t(148).
33
Let n(t) = -2*t**3 - 20*t**2 - 3070*t - 24310. Give n(-8).
-6
Let b(c) = -3*c**3 - 599*c**2 + 238*c + 7782. Give b(-200).
182
Let i(r) = -2838*r - 269600. What is i(-95)?
10
Let g(f) = f**3 - 34*f**2 + 161*f - 883. Calculate g(30).
347
Let a(i) = -9*i**3 - 412*i**2 + 586*i + 22729. Calculate a(-46).
5
Let o(k) = 2*k**2 + 1088*k - 273370. Calculate o(187).
24
Let j(s) = 16*s**3 + 221*s**2 - 91*s - 655. Calculate j(-14).
31
Let r(b) = b**3 + 43*b**2 - 600*b - 12604. Determine r(-50).
-104
Let u(o) = 2*o**3 + 749*o**2 - 4573*o + 47. Give u(6).
5
Let g(j) = 9*j**2 + 7992*j - 521001. Give g(61).
0
Let r(t) = -4*t**3 - 998*t**2 + 519*t + 4744. What is r(-250)?
-6
Let a(y) = 128*y**2 - 116*y + 83. Give a(3).
887
Let m(t) = t**2 + 22091*t - 2174743. Calculate m(98).
-221
Let o(j) = 8184*j - 32642. What is o(4)?
94
Let n(b) = -2288*b - 119975. Give n(-51).
-3287
Let b(w) = 2*w**2 - 2049*w - 6158. Determine b(-3).
7
Let g(k) = -3809*k - 432. Determine g(-1).
3377
Let l(o) = -10808*o - 10831. Give l(-1).
-23
Let r(b) = 3*b**3 + 66*b**2 + 214*b - 691. Calculate r(-17).
6
Let q(y) = -2*y**3 + 77*y**2 + 2106*y + 233. Give q(57).
62
Let s(i) = -199585*i + 14370128. What is s(72)?
8
Let q(m) = 3*m**3 + 384*m**2 - 241*m + 18842. What is q(-129)?
8
Let g(d) = 29*d**2 + 22155*d + 87399. Determine g(-760).
-1
Let r(b) = -9185*b + 36757. Determine r(4).
17
Let k(o) = -46581*o - 5496546. Calculate k(-118).
12
Let i(w) = -6*w**3 - 108*w**2 - 35*w - 666. Calculate i(-18).
-36
Let f(i) = -323*i - 2220. Calculate f(-7).
41
Let y(h) = h**2 - 3539*h - 219583. Calculate y(-61).
17
Let r(x) = 24*x**3 + 6*x**2 + 197*x + 743. Give r(-4).
-1485
Let x(j) = -3*j**2 - 44*j + 1158. Give x(13).
79
Let a(s) = -58756*s + 235053. Determine a(4).
29
Let h(x) = 65*x**2 - 559*x - 1717. Determine h(11).
-1
Let x(i) = -13643*i - 354717. Determine x(-26).
1
Let p(y) = 363854*y + 6549402. Calculate p(-18).
30
Let c(d) = -304936*d - 5793788. Give c(-19).
-4
Let f(w) = -w**2 - 1600*w + 34181. Give f(21).
140
Let r(k) = 25*k**2 - 6694*k + 26374. Calculate r(4).
-2
Let n(a) = a**2 + 176448*a + 1764372. Calculate n(-10).
-8
Let j(n) = -620*n + 27483. Give j(45).
-417
Let d(l) = l**2 + 156*l - 91263. Determine d(234).
-3
Let w(j) = 518*j**3 + 490*j**2 + 14*j + 27. What is w(-1)?
-15
Let m(k) = 22*k**2 + 2562*k + 20101. Calculate m(-108).
13
Let s(g) = -g**3 - 65*g**2 + 884*g - 606. Calculate s(11).
-78
Let w(j) = 14605*j - 43818. What is w(3)?
-3
Let g(u) = -u**3 - 3*u**2 + 422*u + 5. Calculate g(-21).
-919
Let j(w) = 26*w**2 + 408*w + 652. Calculate j(-14).
36
Let g(h) = 4*h**2 - 464*h - 34080. Determine g(-51).
-12
Let t(u) = -2*u**3 + 5*u**2 - 3898*u + 2. What is t(0)?
2
Let w(x) = 35*x**2 - 3285*x - 20977. Calculate w(-6).
-7
Let l(n) = n**3 + 35*n**2 + 119*n - 241. Calculate l(-7).
298
Let g(z) = 35051*z - 88. Calculate g(0).
-88
Let d(j) = 1275682*j - 3827041. Give d(3).
5
Let s(h) = -11*h**2 - 130202*h + 2086049. Give s(16).
1
Let j(s) = 1631*s**2 - 19572*s - 27. Determine j(12).
-27
Let u(m) = 308*m + 18788. Determine u(-61).
0
Let j(g) = 3*g**3 + 1261*g**2 - 16456*g - 859. Give j(-433).
7
Let x(b) = -39*b**2 + 12434*b - 108758. Calculate x(9).
-11
Let t(a) = 122745*a - 6137258. Give t(50).
-8
Let h(d) = d**3 - 27*d**2 - 9315*d + 112. Calculate h(111).
1111
Let u(a) = -1304*a + 517590. What is u(397)?
-98
Let k(s) = -1055*s - 199494. Determine k(-189).
-99
Let i(p) = -288*p + 17011. Give i(59).
19
Let h(k) = 2*k**2 + 91*k + 68. What is h(-13)?
-777
Let w(m) = 6664*m + 33384. Determine w(-5).
64
Let f(k) = k**3 - 480*k